1 + -198 + 26 + 54?
33
-4 - -21 - (108 + -93)
2
(89 + -169 - -201) + -163
-42
Evaluate -7 + 10 + -4 + -45 + -10.
-56
What is the value of 52 + -2 + (38 - 178) + 154?
64
What is (25 - (11 - (10 - -21))) + 15?
60
37 - (-44 + 32 - (-30 + -4))
15
What is the value of 0 + 114 - (-4 + -2 + 3 + (-39 - -45))?
111
What is the value of (10612 - 10601) + 2 + (-2 - -7)?
18
70 - 89 - (19 - -10) - (1 - -8)
-57
(-11 - -42 - -42) + -32
41
What is (-4 + 28 - (4 + 20)) + -58?
-58
Calculate 43 + -48 + 424 + -278.
141
What is (16 - (54 + -92)) + -25?
29
What is 18 - -59 - (6 + 6 - -1 - 26)?
90
Evaluate -6 + -3 + -35 + (62 - 7) + -33.
-22
-60 + (3 + 12 - 14) - -10
-49
What is the value of 86 + 19 + -38 + -1 + 3?
69
Calculate 61 - (-44 - -79) - (-3 - 2).
31
(-429 + 456 - (1 - 1)) + -18
9
36 + (1 - (7 - -3)) + 17
44
What is the value of 17 + -19 + (-7 + 0 + 2 + -5 - 42)?
-54
What is the value of -402 - -415 - (-5 + (0 + -1 - 12))?
31
Calculate (-7 - -2) + 112 - (562 - 529).
74
Calculate 0 - ((0 - (6 + 6)) + 11).
1
Calculate -17 + (102 + 0 - (-22 + 5 + 24)).
78
-107 + 2 + (-739 - -839)
-5
What is 63 - (0 + 11 - (-365 - -378))?
65
Evaluate 70 + (25 - 9) + -42 - -8.
52
Evaluate 2 + 1 + (-64 - (19 + 6 - 37)).
-49
What is the value of (-32 - (-17 + 12 + -11)) + -5?
-21
Evaluate -16 + (-28 - (18 + (-31 - -7))).
-38
4 + -16 + 8 - -2 - -30
28
Calculate 26 - (108 + -37 - 28).
-17
(-38 - -2) + -65 + 76 + 31
6
-46 + (53 - (-71 - -111))
-33
What is the value of -7 - (-32 + 0 + (-53 - -102 - 68))?
44
Evaluate -96 + (157 - (50 - -32)).
-21
(14 - (-21 + 7 - -15)) + -15 - (3 - 2)
-3
(24 - (32 + -22)) + 26
40
86 - (-3 - (-5 + 6)) - (-51 + 70)
71
Calculate (0 - (10 - 2)) + (2433 - 2349).
76
Calculate 15 + 1 - (39 + -41 + 55) - (-2 - 10).
-25
What is the value of (-39 - (-14 - -12)) + (4 - (13 - 13))?
-33
Calculate 7 + 56 + -84 - (-1 + 0 + 1 - -10).
-31
Evaluate (0 - -79) + -33 + 161 + -155.
52
Calculate (22 - 2) + -2 - (-60 + 36 + 11).
31
23 + (-32 - -38) + -61
-32
Calculate 6 + (14 - 18 - 10) + 12 + -34.
-30
What is -2 + -2 + 14 + 1 + -10 - -27?
28
Evaluate -50 - -92 - 86 - -19.
-25
Calculate -1 + (2 - 1) + (44 - ((-12 - -12) + -9)).
53
Evaluate 4 + (24 + (-52 - -5) - -33).
14
(2 + -1 - (-31 - -7)) + (7 - 12) + 13
33
(-14 - (-35 + 0 + (100 - 109))) + -1
29
41 + (54 - 30) + -82 - (15 + 1)
-33
Evaluate (43 - (-20 + -22)) + -56.
29
What is -27 - (36 - (0 - -22) - 87)?
46
What is the value of 38 - (42 + 13 + 38 + -53)?
-2
Evaluate (252 - 319) + (19 - -5 - -3).
-40
Calculate -121 + 126 + 1 + 13 - 6.
13
Evaluate 615 + -746 + 3 + 174.
46
What is -3 + (-20 - (5 - -10 - 15))?
-23
Calculate 14 + (-22 - -11) + 26 + -16.
13
Evaluate -66 - (76 + -57) - -88.
3
Evaluate -67 - -70 - 103 - -105.
5
Calculate -33 - (-9 - -9 - 4 - 3 - -2).
-28
What is the value of -20 + (108 - (-12 + -19 + (-17 - -51)))?
85
16 - 0 - -7 - 13 - (-38 - 17)
65
-9395 + 9287 + (-1 - -7)
-102
What is the value of 28 + (40 - (-56 + 66))?
58
14 + (-14 - (-13 + -4)) + -28 - (-1 - 109)
99
What is the value of -10 - (0 + 82 + (21 - 5))?
-108
What is the value of (8 - 4) + -2 - 5 - (-154 - -92)?
59
Evaluate -45 + -7 + 104 - 69.
-17
(43 - (-35 - -57)) + -67
-46
20 + (17 + 2 - (38 - (-49 + 110)))
62
What is 34 + (-19 - (19 + -35 - -11))?
20
Evaluate -81 + 206 + -169 - (7 - 2).
-49
Evaluate 71 + 48 + -106 + (-3 - -23).
33
What is the value of 30 - (10 + 4 + -1) - (69 + -58)?
6
Calculate 66 - (58 - 67 - -21 - (18 - 1)).
71
What is the value of (-15 - (-3 - 7)) + 24 + -15?
4
Calculate 12 + 0 + (117 - (-23 - -123)).
29
Calculate -8 - (16 + -1 - (119 + -107)).
-11
What is the value of 8 + (72 - (-38 + 62)) - -35?
91
What is the value of (3 - -35) + -255 + 275 - 1?
57
Calculate (21 - (-28 - -57) - 23) + 26.
-5
-8 - (-29 - (-3 - 48)) - -15
-15
What is -38 - (-30 + (-65 - -41))?
16
Calculate 16 + -17 + -4 + -24.
-29
What is 16 + -8 + (153 - 182)?
-21
What is the value of (-40 - (-10 + (7 - -8 - 14))) + 10?
-21
What is the value of -18 + -63 + (54 - 23)?
-50
What is the value of (-48 - (4 + -51)) + -3?
-4
Calculate (-9 - (-9 + 1 - 12)) + -54.
-43
What is 13 + -27 + -2 + 1 - 33?
-48
Calculate (-12 - 3) + 2 + (15 - -106) + -54.
54
What is (-11 - (9 + 0)) + -23 + 43?
0
What is -15 - (1 - (0 + -2)) - (-16 + (15 - 6))?
-11
Evaluate 24 + -2 + (136 + -42 - 63).
53
Calculate 87 + -20 + -33 - (-15 - (-1 - 1)).
47
Evaluate 41 - (64 + 55 + 4).
-82
Evaluate 18 + (11 - ((16 - (6 - 2)) + -14)) - -14.
45
-6 - (-16 - (-244 + 233 - (-19 + -2)))
20
Calculate 86 + -92 - (2 + -8 + 3).
-3
What is the value of -437 + 425 - (20 - 6 - (2 + (-2 - -5)))?
-21
What is (42 - 19) + (-62 - 1 - 12)?
-52
Evaluate 19 - (34 + -24 + 48).
-39
(11 + (-54 - -30) - (-27 + -2)) + 28
44
What is 46 - (68 + 64 - 17)?
-69
Calculate 30 + 6 - (148 - 127).
15
What is -112 - -4 - (-57 - (-38 + 10))?
-79
Calculate 13 + (-5 - (4 - 13) - -85) + -8 + 1.
95
Calculate 25 + -7 - (-4 + -28 - -93).
-43
What is 46 + (-2 - -24 - 36) + -2 + -11?
19
Evaluate (0 - -2) + -28 - ((-13 - -27) + -20).
-20
Evaluate 315 + -435 + -6 + 160.
34
What is (2 - 44) + -3 + -1911 + 1913?
-43
Evaluate 305 + -216 + (-5 + 4 - (-20 - -1)).
107
Evaluate -1 - -45 - (7 + (-48 - -14) + 12).
59
-17 + -46 + (-1 - -16) - -19
-29
Calculate 15 + 1 + (13 - (-2 + 6 - -3)).
22
Evaluate 293 + -165 + -100 - (-8 - (1 - 0)).
37
What is -48 + 31 + (10 - 12 - -1) - -2?
-16
Calculate -1 - 6 - (-181 + 179) - 15.
-20
What is the value of 3721 - 3739 - (-82 - 2)?
66
-55 - (68 + -84 + 2 + -1 - -2)
-42
What is (-46 - -27) + 10 - 0?
-9
14 - (-20 + 9 + 63 + 9)
-47
What is 17 + (53 - 89) + 22?
3
Calculate (4 - 18) + 18 + 18 + -55 + 7 + -1.
-27
Evaluate 20 + -56 - (-107 - (9 - -5)).
85
6 + 2 + 145 + -152
1
Calculate -173 + (-56 - (-6 + -137)).
-86
What is 90 + -49 + 22 + -21?
42
-7 - (-7 + 4 + (24 + -10 - -1))
-19
What is 49 + 0 - (31 + -1 + -4 + -30 + 12)?
41
What is the value of -7 + ((-9 - 10) + 10 - -4) + (88 - 2)?
74
Calculate 224 + -305 - (21 + 13 + -8).
-107
What is (3 - 20) + -9 + 61?
35
What is the value of -4 - (12 - 50 - -46)?
-12
(2 + -5 - 28) + 18 + 79 + -115
-49
What is the value of 10 + -7 - ((54 - 2) + -141)?
92
Evaluate (14 - 2) + 602 + -623.
-9
Calculate 6 + -9 + -8 + 8 + (-9 - 1).
-13
Calculate -53 + 133 - 45 - -31.
66
Evaluate (11 - (-16 + (-9 - -5))) + (0 - -1) - 6.
26
Calculate -44 + (7 - 10 - -7 - (-67 - -63)).
-36
Evaluate (-19 - -28) + 6 - (-3 - -8 - (2 + 10)).
22
-3 + 10 + 5 - (-11 - (-35 + 9))
-3
Calculate -14 - (4 + 67 + 69 + -85 + 13).
-82
(14 - -2) + 6 - (-1 - 18 - -6)
35
(1 + 43 - 16) + -5
23
78 + -7 + (-28 - 62)
-19
Evaluate -19 + -4 + -58 + -27 + 10.
-98
What is the value of (32 + -4 - 1) + 59 + -135 + 61?
12
What is (-16 - 1) + ((7 - 15) + 9 - -10)?
-6
What is -106 - (-2 + -3) - (6 + (45 - 40))?
-112
26 + (31 + -24 - 2 - 0)
31
What is (-31 - -35) + (18 - (6 - 5)) - (3 + -6)?
24
What is 17 - ((-21 - -17) + 42) - 0?
-21
Evaluate (8 - 12 - (-3 + 2)) + 3 + 11.
11
What is the value of (-10 - 18) + -37 + (25 - 7)?
-47
(-1 - -38) + (-28 - -8) - -5 - 91
-69
What is 219 + -239 - (10 + 3 - -2)?
-35
What is 1 + -12 - (-27 + 40 + -34 + 27)?
-17
What is 5 + -43 - -20 - (-1 + -68)?
51
40 + (2 - 27 - -17)
32
0 + (-5 - -2) - (15 - 62 - 1)
45
Evaluate 7 + 0 + 12 + 20 + -9 + 7.
37
-44 + (-34 - -34 - (4 - 28))
-20
What is the value of -11 - (-6 - (12 - (15 + -15 + 7)) - 98)?
98
Evaluate -10 + (1 - 1) + (-3 + -47 - (-53 + -9)).
2
6 + -1 + -4 + (12 - -1 - (110 - 152))
56
What is (1 - (-3 - (28 - 35 - (0 + -16)))) + -64?
-51
What is the value of (128 - (83 - 16)) + -28?
33
What is the value of -7 + (59 - 4) + (134 - 128)?
54
-17 + (96 - 4 - (17 + 7 - 11))
62
What is (-3 - (18 + -9)) + 26 - (-6 - -3 - -55)?
-38
Evaluate -14 + -9 + -18 - (6 + -5) - -1.
-41
Calculate 99 + -43 - 40 - (4 + -74 - -3).
83
What is (83 - -14 - (-5 + 15)) + (-22 - -4)?
69
Evaluate 34 + -13 + -19 - (-14 + 12 - -2).
2
What is -3 + -2 + 0 + -3 + 42 + 30 + -30?
34
Calculate (15 - (22 + (-17 - -36))) + 16.
-10
Evaluate (-22 - 1) + -20 + (-104 - -118).
-29
What is 0 + (2 - 4) - (-134 + 52 - -101)?
-21
Evaluate (18 + -65 - -32 - (-22 - -1)) + -46.
-40
Calculate 70 + (-3 - 1 - -13) + -7 + (178 - 172).
78
Evaluate 4 + -12 + (-13 - (9 - 29 - (9 - 20))).
-12
What is 4 + -1 + (-29 - (35 - 4 - 37))?
-20
Calculate 2338 - 2342 - (-1 + 33 - (3 + 0 + 1)).
-32
What is 21 - 29 - 